?
-6
Let u(q) = -q + 5. Let g be u(4). Let w = -32 + 37. Let y(k) = -w*k + k**2 + 1 + 3*k + 0*k - 3*k**3 + 0. Determine y(g).
-3
Let m(c) = c**2 - 2*c + 1. Let i be m(3). Suppose 0 = -i*j + 4 + 4. Let l(v) = v**2 + v**2 + 5*v**j - 1 + 0*v**2. Calculate l(-1).
6
Let i = 81 - 76. Let b(k) = k**2 - k - 1. Let q(w) = 3*w**2 - 5*w - 28. Let u(r) = i*b(r) - q(r). Let t(y) be the first derivative of u(y). Determine t(-1).
-4
Let g(d) = d**2 - 2*d - 2. Let s be (-85)/(-68)*(5 - 1/1). Suppose s*c + o - 34 = 0, 0*o = c + 5*o - 26. Calculate g(c).
22
Suppose -3*s = -14 - 1, v - s = 143. Let g = -143 + v. Let w(n) = -3*n**2 - 6*n + 4*n**2 + 13 - 14. Give w(g).
-6
Let s(r) = 2*r + 7. Let h(n) = -11*n - 45. Let d(p) = -4*h(p) - 21*s(p). Calculate d(-6).
21
Let a(n) = -n + 5. Let l be a(-6). Let o(b) = b**3 + 10*b**2 - b - 2. Let v(d) = -3*d**3 - 29*d**2 + 2*d + 7. Let t(r) = l*o(r) + 4*v(r). Determine t(-5).
-4
Let s(m) = 3*m + 5*m**2 - 10*m - 432 + 425. Let x(o) = -3*o**2 + 7*o + 7. Let w(f) = -2*s(f) - 3*x(f). Let i(n) = -n**2 + 9*n + 5. Let v be i(10). What is w(v)?
3
Let l = 5 - -3. Let s be 17/5 + l/(-20). Let q(g) = 3*g + s*g + 0*g + g**2 + 0*g**2. Determine q(-6).
0
Let s(v) = 2*v**2 + 7*v + 8. Let z(q) = -q**2 + 109*q + 331. Let w be z(-3). Calculate s(w).
23
Let s(l) be the third derivative of 7*l**4/24 - l**2. Let v(d) = d**3 - 30*d**2 - d + 29. Let n = 30 + 0. Let y be v(n). What is s(y)?
-7
Let y(l) be the second derivative of l**3 + 16*l + 0 + 1/2*l**2. Suppose -11*p = -9*p + 2. Determine y(p).
-5
Let q(u) = -2*u**2 + 40*u + 9. Let y = -3361 - -3381. What is q(y)?
9
Let p(d) = -6*d**2 + 27*d - 10. Let v(f) = -7*f**2 + 28*f - 11. Let j(r) = 6*p(r) - 5*v(r). Let m(q) = -q**2 + 9*q + 2. Let k be m(4). Calculate j(k).
-5
Let p(c) = -2*c**2 + 5*c + 1. Let t = -5234 + 5236. What is p(t)?
3
Let h(f) be the first derivative of 2*f**3/3 - 43*f - 1364. Give h(0).
-43
Let g(p) = -7*p - 18. Let h be ((-2)/(-8))/(5/(-12))*(-61 + 66). Calculate g(h).
3
Let k(s) = -s**2 - 13*s - 6. Let m be k(-9). Let z(v) = m - 15 - 7 + v. Determine z(-9).
-1
Let d be 3 + (9/(-36) - (-13)/4). Let s(w) = -2 + 5 + d - w. Let x = 24 + -19. Give s(x).
4
Let v(b) = -6*b**2. Let z be v(1). Let n be -8*((-3)/3)/(z/(-12)). Let o = 11 - n. Let f(l) = -3*l - 5. Give f(o).
10
Let v be 22/8 + 47/28 + 45/(-105). Let r(l) = -3*l**3 + 13*l**2 - 2*l + 2. What is r(v)?
10
Let w(j) = 25*j + 1. Let f(p) = -353*p - 2. Let q(c) = f(c) + 14*w(c). Let s be (60/25)/((-4)/(-10)). Calculate q(s).
-6
Let t be 5 + (23/(-7) - 18/(-63)). Let z(r) = t*r**2 - 1 + 833*r - r**2 - 834*r - 10*r**3. Let s = -47 + 46. What is z(s)?
11
Let r = -100 + 108. Let h(y) be the second derivative of y**3/6 - 3*y**2 + 30*y. Determine h(r).
2
Let v(c) = -5*c**3 - 3*c**2 + 2. Let t be 5 + 0 + (-17)/(119/21). Calculate v(t).
-50
Let w = 3643 - 3651. Let k(v) = 3*v**2 + 24*v - 3. Calculate k(w).
-3
Let q(j) = -126 - j**2 - 5*j**2 - 14*j - 16*j**2 + 31*j**2 - 8*j**2. What is q(-6)?
-6
Let x(i) = i**3 - 9*i**2 + 9*i - 7. Let a(o) = 105*o + 638. Let t be a(-6). Determine x(t).
1
Let f(x) = 3*x**2 - 5*x - 130. Let y = 6507 - 6513. What is f(y)?
8
Let k(n) = 2*n**2 + 20*n + 45. Let u = -30109 + 30102. What is k(u)?
3
Let y(u) = -3*u**3 - 81*u**2 + 100*u + 515. Let m(d) = 4*d**3 + 79*d**2 - 104*d - 514. Let l(z) = 2*m(z) + 3*y(z). Determine l(-86).
1
Let m(u) = -u**3 - 10*u**2 + 4*u + 44. Let p be m(-10). Let l(n) = 2*n**3 - 8*n**2 + 4*n - 10. What is l(p)?
6
Let n(q) = 24. Let k(x) = x - 122. Let i(p) = k(p) + 4*n(p). Give i(25).
-1
Let j(w) = 9*w - 171. Let x(y) = 8*y - 295. Let n(u) = 4*j(u) - 3*x(u). Determine n(-17).
-3
Let f(h) be the third derivative of 13*h**4/12 + 86*h**3/3 + h**2 + 2036*h + 1. What is f(-7)?
-10
Suppose -17*i - 11*i = -644. Let y(h) = -24*h + i*h - 6*h + 4 - 5. Give y(-1).
6
Let g = 180 - 178. Let a(w) = 8 - 3*w**2 - w + 0*w + 3*w - w + 2*w**g. Let x(n) = -n**3 + 11*n**2 - 10*n. Let m be x(10). Give a(m).
8
Let v(g) = 4*g**2 - g + 1. Suppose -p + 97 = -3*n + 8*n, 0 = -3*n - 9. Let d = p - 111. Determine v(d).
4
Let q(t) be the second derivative of -t**4/4 - t**3/6 - 1721*t. What is q(-1)?
-2
Let b(q) = -q**2 + 24*q - 37. Let f be (-359)/(-17) - (-672)/(-5712). Calculate b(f).
26
Let x(v) = 2*v**2 + 17*v + 5. Let s(t) = 2*t**2 + 20*t + 6. Let i(c) = -5*s(c) + 6*x(c). Let q = -2 - -3. Let w be (14/(-35))/(q/5). What is i(w)?
4
Suppose -5*t - 3*l + 81 = 0, l + 41 = 3*t - l. Suppose 3*v - 3 + t = 0. Let k(o) = 1 + 7*o + 3 + 153*o**2 - 152*o**2. Give k(v).
-8
Let f be 3 + -1 - (-16)/4. Let t(w) = w. Let r(n) = -8*n + 8. Let x be 4*7/(-28)*-1. Let m(s) = x*r(s) + 6*t(s). Determine m(f).
-4
Let s be (2/(-12))/(22/(-924)). Suppose -19 - 9 = s*o. Let b be (18/o - 0) + 14/28. Let j(i) = -i**2 - 5*i - 6. Calculate j(b).
-2
Let b = 13 - 7. Let w(s) = -2*s + 14. Let p(z) = -6*z + 40. Let x be -2 - ((2 - 7) + 6). Let j(f) = x*p(f) + 8*w(f). What is j(b)?
4
Let l(w) = 2*w**2 + w. Let t(d) = -10*d - 32. Let r(f) = 5*f + 15. Let i(q) = -11*r(q) - 6*t(q). Let s be i(-5). Give l(s).
10
Let l = -92 + 99. Suppose l*u - 6*u = 0. Let k(i) = i**2 - 2. Give k(u).
-2
Let y(o) = o**2 - 4*o - 1. Let g(b) = 2*b - 39 - 23 + 9. Let i be g(28). Determine y(i).
-4
Let w(k) = -k**2 - 4*k + 4. Let y(p) = -p**2 - 3*p + 4. Let m(u) = -4*w(u) + 5*y(u). Suppose 20*n = -53 - 27. Let b be (3 + -12)*n/24*2. What is m(b)?
-2
Let u(x) = -x**3 + x + 2. Let k(w) = -7*w**3 - 2*w**2 + 8*w + 7. Let j(s) = -k(s) + 8*u(s). What is j(4)?
-23
Let d(v) = 8*v + 23*v + 127 + 2163*v**2 - 4318*v**2 + 2156*v**2 - 9*v. Calculate d(-13).
10
Suppose 5*t = -2*t - 1078. Let u = t - -164. Let b(h) = h - 7. Determine b(u).
3
Suppose -5*c - 4*o + 30 + 10 = 0, 4*o = -c + 24. Suppose 3 = -3*q - 4*x, 3 = -c*q - 4*x - x. Let h(s) = -s - s + s + q - s. What is h(4)?
-5
Let y = 587 + -590. Let z(l) = -9*l - 2. Calculate z(y).
25
Let u(p) = -p**3 + 4*p**2 - 6*p + 5. Suppose -85*g - 87*g + 336 = -352. What is u(g)?
-19
Let h(x) = -2*x - 96. Let a(g) = -g**3 + 39*g**2 + 3*g - 117. Let r be a(39). Give h(r).
-96
Let n(w) = -w**3 - 7*w**2 + 10*w. Suppose -15*v = -115*v - 124*v - 2016. Give n(v).
72
Let m(g) be the third derivative of -19*g**4/24 + 4*g**3/3 + 1283*g**2. Give m(2).
-30
Let n(s) = -2*s**2 - 3*s + 16. Let p be (0 + -2 - 0/(-1))/(1510/3775). Determine n(p).
-19
Let x(k) = 24*k + 102. Let w(u) = 46*u + 204. Let m(p) = 4*w(p) - 7*x(p). Let f be m(-6). Let r(s) = s**2 - 4*s - 10. Determine r(f).
2
Suppose 95*c - 71*c = 48. Suppose 4*a + 4*q - 4 = 0, a - q = -3*q. Let r(p) = -c - 7*p**2 + 9*p**2 + p**3 - 5*p**a + 3*p. What is r(3)?
7
Let h = -110 - -125. Suppose 5 = -3*d + q, -2*d - 18 = h*q - 12*q. Let i(v) = v**2 + 3*v - 4. Give i(d).
-4
Let b(v) = -v**2 - 11*v - 8. Let k be b(-10). Let p(f) be the third derivative of -2/3*f**3 + 0*f + 0 + 1/8*f**4 + 4*f**k. What is p(5)?
11
Let y(k) = 10*k**2 - 10 - 1990*k - k**3 + 1990*k. Suppose 10*l = 3*l + 70. Determine y(l).
-10
Let x = 6655 - 6667. Let c(y) be the first derivative of y**2 - 9*y - 12. Determine c(x).
-33
Let x(z) = z**3 + 10*z**2 - 9*z + 2. Suppose 2*m - 1 = r + 6, -5*r + 3*m - 28 = 0. Let j be -1*((-6)/3*-3 - r). Calculate x(j).
-20
Suppose 495 = 42*b + 159. Suppose -100*i + 92*i - b = 0. Let o(h) = h**3 + 2*h + 1. Calculate o(i).
-2
Let l(d) = -5*d + 97. Suppose -c + 4*v - 12 = -18, -v + 21 = c. Calculate l(c).
7
Let c(j) = 64*j**2 - 11903*j - 196. Let v be c(186). Let p(a) = -9*a + 35. Calculate p(v).
125
Let c be (-5)/(-32)*(-96)/240*-8. Let f(w) be the first derivative of -7 + 0*w**3 - w + 3/2*w**4 + c*w**2. What is f(1)?
6
Let d(h) be the second derivative of h**4/12 - 5*h**3/2 - 63*h**2 - 145*h. Let w(b) be the first derivative of d(b). Give w(13).
11
Let r(n) be the third derivative of n**5/60 - n**4/24 + n**3/2 - 4*n**2. Let b be 50/20 + 3/6. What is r(b)?
9
Let w(j) be the second derivative of -j**4/12 - 17*j**2 - 10*j. Let p be (-10)/40*(-11 - 88/(-8)). Give w(p).
-34
Let z(s) = -119*s + 44. Let j(q) = 268*q - 88. Let n(c) = -4*j(c) - 9*z(c). Determine n(15).
-59
Let t(y) = -7 + 42*y - 136*y - y**3 - 1 + 42*y + 48*y + 10*y**2. Let x(j) = -j - 14. Let a be x(-23). Calculate t(a).
37
Let h = 3377 - 3379. Let n(a) = -13*a + 2. What is n(h)?
28
Let d(o) = -8*o**3 - 13*o + 14. Let m(f) = -8*f**3 - 12*f + 